
-585
-11127 (base 9) to base 3
-101010221
-220 (base 7) to base 10
-112
What is -21d (base 14) in base 2?
-110100011
210112 (base 3) to base 10
581
What is 313 (base 14) in base 3?
211102
Convert -15bc (base 14) to base 15.
-1245
What is -1509 (base 13) in base 8?
-5753
Convert 23d (base 16) to base 12.
3b9
What is 8705 (base 10) in base 14?
325b
What is -3300311 (base 5) in base 6?
-1112443
Convert 2a9 (base 13) to base 6.
2113
Convert ab1 (base 14) to base 3.
2220100
Convert 126 (base 11) to base 16.
95
What is -2293 (base 13) in base 14?
-1aa8
What is -1011020 (base 3) in base 10?
-843
What is 50a7 (base 11) in base 6?
51204
-4072 (base 12) to base 13
-3254
5806 (base 11) to base 5
221004
628 (base 9) to base 2
1000000000
-23044 (base 5) to base 11
-126a
1102131 (base 4) to base 6
40233
What is -c311 (base 15) in base 5?
-2304231
4cee (base 15) to base 10
16424
-122012002 (base 3) to base 12
-7302
What is 114734 (base 9) in base 13?
25603
-10ca (base 13) to base 9
-3215
What is 110110101111 (base 2) in base 16?
daf
Convert -36625 (base 8) to base 15.
-4a10
Convert 430044 (base 5) to base 14.
5367
-328 (base 14) to base 13
-390
What is 4034 (base 6) in base 16?
376
What is 693 (base 16) in base 6?
11443
-2785 (base 11) to base 9
-4842
What is 4d (base 14) in base 11?
63
What is -12608 (base 10) in base 9?
-18258
-59b7 (base 14) to base 2
-11110100011101
13344 (base 6) to base 7
6031
-1002000 (base 3) to base 10
-783
989 (base 12) to base 16
579
Convert -329 (base 10) to base 6.
-1305
-16161 (base 7) to base 16
-11c7
Convert -2ab (base 16) to base 12.
-48b
51550 (base 7) to base 11
9540
Convert -d0d (base 16) to base 7.
-12512
534 (base 14) to base 16
402
What is -1021 (base 14) in base 7?
-11041
What is ba99 (base 12) in base 11?
144a6
What is 51a9 (base 14) in base 2?
11011011110001
What is -32453 (base 6) in base 12?
-2729
Convert 1101010110010 (base 2) to base 15.
2059
Convert -678 (base 9) to base 12.
-3a5
18000 (base 9) to base 8
30151
Convert -1202121112 (base 3) to base 5.
-2102314
Convert -c01 (base 13) to base 10.
-2029
156c (base 14) to base 6
25404
Convert -30124 (base 5) to base 6.
-12510
Convert 52133 (base 8) to base 12.
105b7
5121 (base 6) to base 15
504
What is -270 (base 11) in base 2?
-100111111
-10261 (base 7) to base 14
-cd8
What is 356 (base 8) in base 6?
1034
What is 560 (base 16) in base 8?
2540
-101141 (base 6) to base 13
-3886
-12021101 (base 3) to base 7
-14131
Convert -14367 (base 8) to base 2.
-1100011110111
Convert 531 (base 16) to base 7.
3606
What is 201100 (base 4) in base 16?
850
Convert -5b5 (base 13) to base 14.
-50d
What is 3a2 (base 14) in base 2?
1011011010
What is 1574 (base 10) in base 9?
2138
-22200 (base 4) to base 10
-672
-10145 (base 8) to base 10
-4197
33302 (base 4) to base 5
13020
-b46 (base 13) to base 10
-1917
Convert -861 (base 10) to base 6.
-3553
-614 (base 10) to base 6
-2502
Convert 221100211 (base 3) to base 15.
572a
-331243 (base 5) to base 9
-16630
-5865 (base 11) to base 9
-11488
228 (base 16) to base 13
336
Convert -11010001010010 (base 2) to base 10.
-13394
-1001111111 (base 2) to base 16
-27f
1025142 (base 6) to base 8
142326
What is 292 (base 14) in base 7?
1342
-20 (base 8) to base 3
-121
Convert 1241 (base 11) to base 5.
22433
1031023 (base 4) to base 11
3790
Convert 1522 (base 6) to base 12.
2a2
Convert -23b6 (base 12) to base 6.
-30350
Convert -30322102 (base 4) to base 12.
-2672a
2081 (base 15) to base 14
270b
-2202 (base 5) to base 7
-611
Convert 155a (base 12) to base 3.
10110021
What is -11022 (base 5) in base 2?
-1011111010
What is -1109 (base 11) in base 12?
-a19
Convert -5a (base 14) to base 10.
-80
Convert -42123 (base 5) to base 2.
-101011100100
Convert 6375 (base 8) to base 14.
12d7
Convert -797 (base 12) to base 14.
-5a3
What is 13223 (base 6) in base 14?
a51
What is 12221021 (base 4) in base 7?
142220
What is 6763 (base 11) in base 6?
105114
What is 3e74 (base 15) in base 11?
a068
-330400 (base 6) to base 14
-9d84
2164 (base 7) to base 10
781
What is -10312221 (base 4) in base 3?
-1000021100
What is -4410 (base 9) in base 11?
-2494
What is -43b1 (base 13) in base 2?
-10010011011111
Convert -12314 (base 5) to base 4.
-32333
3258 (base 13) to base 6
52230
What is -3117 (base 8) in base 10?
-1615
Convert 98 (base 15) to base 14.
a3
What is -3626 (base 11) in base 13?
-2212
Convert -818 (base 9) to base 6.
-3025
4404 (base 8) to base 5
33213
4478 (base 14) to base 11
8a08
Convert -5a02 (base 13) to base 15.
-3b52
What is -312 (base 6) in base 2?
-1110100
What is 3be (base 15) in base 7?
2330
What is 349d (base 15) in base 13?
5116
Convert 11001101101001 (base 2) to base 15.
3d76
What is -97aa (base 11) in base 2?
-11001010010010
Convert -124132 (base 5) to base 6.
-34433
Convert -501 (base 6) to base 8.
-265
-10001001011 (base 2) to base 13
-667
Convert -1002002 (base 3) to base 6.
-3345
-d07 (base 14) to base 15
-b55
332 (base 7) to base 16
aa
Convert 47416 (base 9) to base 5.
2003221
Convert -5406 (base 7) to base 14.
-9ad
-15262 (base 16) to base 8
-251142
What is 333223 (base 5) in base 14?
438c
What is -1505 (base 10) in base 11?
-1149
What is -12101121 (base 3) in base 4?
-331123
What is 112121 (base 3) in base 16?
18a
Convert -24760 (base 9) to base 2.
-100000100010011
What is -3322133 (base 4) in base 5?
-1003111
What is 100002021 (base 3) in base 14?
25b0
Convert 2121002 (base 3) to base 8.
3544
-1363a (base 13) to base 2
-1000110101110111
709c (base 15) to base 5
1230042
Convert -11133 (base 4) to base 10.
-351
-2616 (base 8) to base 10
-1422
-6886 (base 16) to base 14
-9a74
394 (base 14) to base 13
433
7663 (base 13) to base 4
10001122
What is 5b38 (base 15) in base 6?
225455
Convert -22111212 (base 3) to base 10.
-6206
What is 499 (base 14) in base 10?
919
Convert 44161 (base 9) to base 6.
343344
What is 511 (base 9) in base 5?
3130
8168 (base 10) to base 16
1fe8
1af7 (base 16) to base 2
1101011110111
What is 36022 (base 7) in base 10?
9277
245 (base 6) to base 13
7a
a2d (base 16) to base 12
1611
-10010001011 (base 2) to base 9
-1532
Convert 5847 (base 9) to base 8.
10360
What is 62006 (base 8) in base 10?
25606
11100010 (base 2) to base 14
122
Convert 834 (base 9) to base 2.
1010100111
-230122 (base 6) to base 11
-13709
42232 (base 5) to base 7
11133
What is 10124 (base 6) in base 16?
544
What is -303344 (base 5) in base 6?
-113333
What is -11010101010000 (base 2) in base 13?
-629b
Convert -4229 (base 11) to base 12.
-32a5
What is -204442 (base 5) in base 11?
-5188
Convert 1b7 (base 15) to base 10.
397
Convert 16ba (base 13) to base 2.
110100100100
What is 10373 (base 10) in base 16?
2885
-14d (base 14) to base 16
-109
Convert 2221133 (base 4) to base 14.
3d4b
Convert -1611 (base 10) to base 14.
-831
3252 (base 11) to base 3
12212222
Convert 215305 (base 8) to base 5.
4304024
-237 (base 12) to base 10
-331
Convert 6638 (base 11) to base 2.
10001000110001
-606 (base 13) to base 11
-848
Convert -698 (base 10) to base 4.
-22322
What is 397 (base 11) in base 9?
571
2151 (base 7) to base 6
3323
What is 31301 (base 4) in base 5?
12011
158 (base 12) to base 13
134
410331 (base 6) to base 13
11a61
Convert -10213 (base 5) to base 2.
-1010101011
-11010010101 (base 2) to base 14
-885
What is 1467 (base 9) in base 10?
1114
What is -6d73 (base 14) in base 10?
-19113
Convert -623 (base 15) to base 9.
-1806
What is -4312 (base 11) in base 2?
-1011001000100
Convert -1100030 (base 5) to base 12.
-aa39
Convert 21221021 (base 3) to base 8.
13231
Convert 484 (base 15) to base 5.
13044
What is 27a (base 16) in base 2?
1001111010
155255 (base 6) to base 4
3301103
What is -1121212220 (base 3) in base 14?
-b932
What is 21102200 (base 3) in base 11?
4086
-1075a (base 12) to base 5
-1144224
Convert 352 (base 10) to base 6.
1344
Convert b06 (base 12) to base 8.
3066
141 (base 15) to base 13
190
What is -18 (base 16) in base 9?
-26
What is -1cc (base 13) in base 10?
-337
What is 1001001111 (base 2) in base 5?
4331
1262a (base 12) to base 5
1300330
What is 2230 (base 4) in base 11?
147
-2d4 (base 16) to base 14
-39a
26d (base 14) to base 15
229
What is 20201 (base 8) in base 10?
8321
What is -230 (base 6) in base 5?
-330
Convert 46a (base 16) to base 15.
505
Convert 25b (base 13